c + 5. Let k be d(6). Let t(u) = -4 - 1 - 3 - 3 + 13*u - u**2. Determine t(k).
11
Let k(y) = -1 + 2645*y + 1 + 2643*y - 5215*y. Determine k(-1).
-73
Let c(i) = -i**3 - 2*i**2 + 22*i - 32. Let l(x) = -2*x**3 - 5*x**2 + 43*x - 52. Let g(b) = -7*c(b) + 4*l(b). Determine g(-7).
-61
Let o(x) be the second derivative of -x**4/12 + 13*x**3/3 - 43*x**2/2 + 124*x + 2. What is o(24)?
5
Let w be -17 + (-19)/(-17) + 2/(-17). Let s(a) = -a**3 - 16*a**2 - a - 1. Let r be s(w). Suppose -13*m + 4 = -r*m. Let t(x) = -x**2 - 4*x - 3. Calculate t(m).
1
Let u(a) = -a**2 + 5*a - 7. Let j be 2/(-3) + ((-38)/6)/1. Let o = 10 + j. Determine u(o).
-1
Let y(c) = -42*c - 83396 + 41475 + 41676. Give y(-6).
7
Let h(p) = 2*p**3 + 57*p**2 + 27*p - 52. Let a be ((-56)/(-98))/((-31)/1519). What is h(a)?
-24
Let b(z) = 3*z + 45. Let p be -12 + 6/(0 + -3). Let s be b(p). Let n(k) be the second derivative of k**5/20 - k**4/12 - 2*k**3/3 + 2*k**2 + 2*k. Give n(s).
10
Suppose -5*u + 4*h = 45, -2*h = 2*u - 0*h. Let a(g) = -40*g**3 + 15*g**3 + 0 + 8*g**3 - 4*g + 10*g**3 + 6*g**3 - 4 - 5*g**2. What is a(u)?
16
Let b(v) = -3712 - 23*v**2 + 1756 + 1958. Give b(2).
-90
Let x(w) = 3*w + 30*w**2 + 1 - 15*w**2 + 1 - 33*w**2. Let c(j) = -j - 23. Let u be c(-22). Give x(u).
-19
Let h(j) = 7*j**3 - 6*j**2 - 8*j + 40. Let f(k) = 6*k**3 - 9*k**2 - 9*k + 39. Let i(w) = 5*f(w) - 4*h(w). Calculate i(11).
13
Let d(f) = -f**3 + 8*f**2 - f + 9. Let a = 36 + 108. Let m = a - 136. Determine d(m).
1
Let j(r) be the first derivative of -r**4/4 - 5*r**3/3 - r**2/2 + 2*r - 76. Let k = -119 + 114. Calculate j(k).
7
Let z = 26 + -33. Let u(q) = 13*q**2 + 7*q - 3. Let g(f) = -11*f**2 - 7*f + 3. Let m be ((-2)/(-6))/((-17)/306). Let b(p) = m*g(p) - 5*u(p). Determine b(z).
-3
Let b be ((-4)/6)/((-16)/120). Let o(q) = -2*q**3 - 7*q**2 - 13 + 2*q**2 - 17*q**2 + 6*q + b*q**2. Give o(-9).
14
Let d(z) = z**3 - 3*z**2 - 17*z + 38. Let r be d(5). Let u(n) = 27*n**3 + 13 + 1 - 5*n**2 - 7*n**2 - 28*n**r - 10*n. Give u(-11).
3
Let p(x) = -6*x + 4. Let s(r) = -15*r + 9. Let h be (2 - -1 - (23 + -20)) + -7. Let n(g) = h*p(g) + 3*s(g). What is n(1)?
-4
Let r(s) = 17*s - 34. Suppose -2*y - 47*y + 8*y = -123. Calculate r(y).
17
Let a be 42*(7/(-2) + 5). Let s(o) = -35*o**3 - 29*o**3 + a*o**3 + 2*o**2 - 2 + 1. Give s(2).
-1
Suppose r + 12 + 8 = -5*j, j + 4 = -5*r. Let b(y) be the second derivative of -1/12*y**4 - 71*y - 2*y**2 + 1 + 1/6*y**3. Determine b(r).
-4
Let g(y) = 15*y**3 + 11*y**2 - 8*y + 19. Let p(l) = -34*l**3 - 21*l**2 + 18*l - 36. Let q(n) = 9*g(n) + 4*p(n). What is q(15)?
27
Let s(n) = -5*n**2 - n + 1. Let u = 622 - 649. Let h = 25 + u. Calculate s(h).
-17
Let i(t) = t**3 - 6*t**2 - t - 8. Let l(p) = 208*p**2 + 4*p + 7. Let x be l(0). Calculate i(x).
34
Let m be ((-8)/(-5))/(6/(-270)*-6). Suppose 9*t - 13*t = -m. Let r(n) = n**t + 3*n**2 + 11 - 2*n**2 - 2*n**2 + n. Determine r(0).
11
Let v(g) = -3*g**3 + 3*g**2 - 5*g + 3. Let l(d) = -d**2 + 45*d - 498. Let y be l(20). Give v(y).
-19
Let k = 68 - 120. Let q = -29 - k. Let g = q - 24. Let b(d) = -d**2 + 1. What is b(g)?
0
Let p = -29 - -143. Suppose 0 = 11*r - 15 + p. Let q(c) = -c**3 - 8*c**2 + 9*c - 10. Calculate q(r).
-10
Let y(u) be the second derivative of u**3/3 - 18*u**2 - 323*u. Calculate y(0).
-36
Let v be (2 - 2) + 8 + -4. Let q(a) be the first derivative of -12 + 6*a + 1/3*a**3 - 5/2*a**2. Give q(v).
2
Suppose -2*d - 13 = -17. Let w(r) = -8*r**2 + 136 + 4*r + 151 - 289. What is w(d)?
-26
Let z(j) be the third derivative of -j**5/15 - j**4/24 + j**3/2 - 1420*j**2. Give z(-2).
-11
Let l(s) be the second derivative of -s**5/20 - 19*s**4/12 - s**3/6 + 3*s**2 - s + 441. What is l(-19)?
25
Let u(m) be the first derivative of -m**3/3 + 16*m**2 + 73*m - 11631. What is u(34)?
5
Let k be (-3)/5 + ((-132)/(-20) - 7). Let a be k/((-4)/(-84)) - 3. Let f = a - -24. Let y(z) = z**3 + z**2 - z + 21. Calculate y(f).
21
Let o(u) = 6 + 10*u**2 - 313*u + 0*u**3 + 7*u**3 + 609*u - 8*u**3 - 309*u. Give o(8).
30
Let d(t) = -6*t**2 + 6*t**2 - 3*t**2 - 3 - 3*t**2 - 1 - 67*t. Determine d(-11).
7
Let g = 3 + 13. Suppose -5*r + 1 = g. Let w(t) = 2*t + 1. Let c(s) = 4*s + 4. Let y(d) = -c(d) + 4*w(d). What is y(r)?
-12
Let r(d) be the third derivative of d**6/120 + 13*d**5/60 - d**4/24 - d**3/2 + 17*d**2 - 145*d. Let l be 76/(-6) + 1/(-3). Determine r(l).
10
Let s(b) = -b**3 - 14*b**2 - b - 21. Suppose 27*k = 9*k + 936. Suppose 4*l + k = f, l + f + 2*f = -26. Give s(l).
-7
Suppose 5*r - 28*y = -26*y - 1665, -1000 = 3*r - y. Let v = 337 + r. Let u(w) = -w**3 - w - 1. Give u(v).
-11
Let k(f) = -2 + 0 - 2*f + 4. Suppose 11*q - 270 = -26*q - 17*q. Calculate k(q).
-8
Let o(j) = 6*j + 911 + 919 - 1832 + j**2. Calculate o(-7).
5
Let c(w) = -w**3 + 2*w - 8. Suppose 107*z = 216*z - 101*z. Give c(z).
-8
Let m(l) = -332*l + 151. Let d(z) = 51*z - 25. Let f(g) = -13*d(g) - 2*m(g). What is f(-9)?
14
Let h(y) = -y**3 - 11*y**2 - 3*y - 31. Let r be 1595/(-145)*(2 + -1). What is h(r)?
2
Let y = -640 + 681. Let s(r) = -2*r**2 + r**3 - y - 42 - 40 - 2*r - 2*r**2 + 128. Suppose 5*b - 9 = 11. Calculate s(b).
-3
Suppose -3*y + 26 = -5*j, -36 + 26 = j + y. Let r(l) be the third derivative of 0*l**4 - 2/3*l**3 - 1/120*l**6 + 0 + 3*l**2 + 0*l - 7/60*l**5. Give r(j).
-4
Let w(s) = 53*s**3 + 9*s**2 - 19*s + 26 - 194*s**3 + 142*s**3. What is w(-11)?
-7
Let d(s) = 3*s - 1. Let o be (-9)/(-12) + (-4)/((-32)/(-30)). Suppose -9 = 2*r + 1. Let k be (r - o/(-3))*1. What is d(k)?
-19
Suppose -2*t - 3*x = -310 + 28, -2*t + 3*x + 306 = 0. Let u(a) = 14 - 3 - t*a + 149*a + 4. What is u(-8)?
-1
Let k = 6 + -10. Let z be k/(-8)*(2 + 0). Suppose -1 = -2*t + z. Let b(r) = -8*r**2 - r. Give b(t).
-9
Let i(z) = z - 5. Let k(o) = -2*o + 4. Let l(y) = 5*y**2 + 35*y + 1. Let s be l(-7). Let d(w) = s*k(w) + i(w). What is d(-2)?
1
Let g(q) = 461*q**2 + 1 + 3*q - 891*q**2 - 2 + 432*q**2. Let a = 0 - 3. Give g(a).
8
Suppose -4*u - 340 = -4*t, -11*u = -4*t - 15*u + 364. Suppose 4*k - 26*k = -t. Let n(g) = g**3 - 6*g**2 + 7*g - 2. Give n(k).
-6
Let w(f) = -f**3 - 10*f**2 + f - 1. Let z(o) = -o**3 - 18*o**2 + 3*o. Let d(s) = 2*w(s) - z(s). Suppose -4 = -c + 3*c. What is d(c)?
0
Let v(t) be the first derivative of -t**2 - 5*t + 2. Let b = -15197 - -15194. Calculate v(b).
1
Suppose 82 = 4*f + 74. Let g(c) = -3*c - 937 - 4*c**f + 937. Determine g(-2).
-10
Let z(v) = -2*v + 1. Let c(b) = b**2 + 10*b - 31. Let s(t) = c(t) + 2*z(t). Let n be s(3). Let q(p) = 1 - 26*p**3 + 10*p**3 + 17*p**3 + 2*p**2. Determine q(n).
1
Let w(k) be the first derivative of -k**6/120 + k**5/15 + k**4/4 - 3*k**2/2 + 30*k + 89. Let g(q) be the second derivative of w(q). Give g(5).
5
Let z(c) be the third derivative of -1/30*c**5 - 1/2*c**4 + 0*c**3 + 0*c + 1/360*c**6 + 16*c**2 + 0. Let n(k) be the second derivative of z(k). What is n(-6)?
-16
Let c(h) = h**2 + 7*h + 12. Let u be c(-5). Suppose -t + 4*t + 18 = -3*w, -5*t - u*w - 39 = 0. Let n(s) = -s**2 - 6*s - 2. Calculate n(t).
-29
Let w(a) = -a**3 - 3*a**2 + 3*a - 1. Suppose 12*b = 213 + 267. Suppose 9*u = 4 - b. What is w(u)?
3
Let s(u) = -u - 188*u**2 + 199*u**2 + 1 + 2*u - 2*u**3. Let r(g) = -3*g**3 + 16*g**2 + 2*g + 1. Let j(b) = -5*r(b) + 7*s(b). What is j(4)?
6
Let r(s) = -s**3 - 71*s**2 + s + 79. Let q be r(-71). Let m(t) be the second derivative of -t**3/6 + t**2/2 + t. Give m(q).
-7
Let d(b) = -29*b + 1. Let l be d(2). Let m = l - -63. Let q(w) = -8*w + m - 3*w - 6*w + w**3 + w**2 + 16*w. Determine q(0).
6
Suppose 0 = -18*o + 143 + 173 - 244. Let z(l) = -31*l + 10. Determine z(o).
-114
Let q(r) = 5*r**2 + 2557*r**3 + 5 - 5101*r**3 + 2543*r**3 + 2*r. What is q(4)?
29
Suppose -58 - 914 = -3*r. Let n(w) = 327 + 5*w**2 - r + 0*w - 4*w - w**3. Suppose 7*a + 2*a = 45. Give n(a).
-17
Let p(m) be the first derivative of 15*m**2/2 + 136*m + 8950. Calculate p(-10).
-14
Let s(r) = 768*r - 771*r + 4*r**2 - 5*r**2 + 85. Give s(-11).
-3
Let u(n) = -5*n + 10*n**2 - 1579*n**3 + 1580*n**3 - 4 + 13*n. Suppose -5*z + 4*r = -2*z + 39, 0 = -3*z - 2*r - 21. Determine u(z).
5
Let x(v) = v**2 - 6*v + 7. Suppose -8*p + 49 = -32 + 65. Determine x(p).
-1
Let z(h) be the first derivative of -h**4/4 + h**3 + 5*h**2/2 + 5*h + 13556. Give z(5).
-20
Let a(o) = 5*o - 4. Suppose -148*p + 139*p = -27. Let u(i) = 2*i**2 - 7*i - 1. Le